and n?
5
Let b = 0 + 2. Let w(x) = 8*x**2 + 2*x + b + 1 - x**2. Let c be w(-3). What is the greatest common divisor of c and 12?
12
Let a(s) = 7*s**3 - s**2 - 5*s + 3. Let n be a(3). What is the greatest common divisor of 24 and n?
24
Suppose 10 = -5*h, 0*r - 2*r + 3*h + 166 = 0. Calculate the greatest common divisor of r and 40.
40
Suppose -15 = -0*w - 3*w. Let d(x) = 6*x + 7. Let f be d(w). Suppose f = u - 110. What is the greatest common divisor of 21 and u?
21
Let o(d) = 5*d. Let p be o(2). Let s be 4/p - (-680)/50. What is the highest common divisor of s and 42?
14
Suppose -3*l - 3*p - 477 = -102, -244 = 2*l - 4*p. Let t = 204 + l. What is the greatest common factor of t and 10?
10
Let d(r) = 17*r**3 + 2*r**2 - 2*r + 1. Let x be d(1). Let q = -1 + 2. Let i be 90*q/(2 + -1). Calculate the greatest common divisor of i and x.
18
Suppose 0 = -2*o - 4*h + 19 + 27, -2*h = 3*o - 49. What is the highest common factor of o and 130?
13
Let a(v) = v**3 + 2*v**2 - v - 1. Let l(i) = i - 5. Suppose -2 = x - 9. Let z be l(x). Let d be a(z). Calculate the greatest common divisor of 52 and d.
13
Suppose -295 = -0*s - 3*s + 5*l, -l - 477 = -5*s. Suppose 5*r - 3*t = s, 2*r + t = -t + 22. What is the highest common divisor of r and 80?
16
Let m(w) = 20*w**3 + w**2 + 1. Let x be m(2). What is the greatest common divisor of x and 15?
15
Suppose 3*m - 4*b - 50 = 71, 4*m - 2*b = 148. What is the highest common divisor of 7 and m?
7
Let h be ((-42)/(-10))/((-1)/75). Let w = h + 647. Let f be w/14 - (-4)/14. Calculate the greatest common factor of 6 and f.
6
Let d(c) = c**3 + 13*c**2 - 12*c + 18. Let w be d(-14). Let q = 41 + -25. Let l = q + w. Calculate the greatest common factor of 6 and l.
6
Let t(m) = -m**3 - 22*m**2 - 25*m + 28. Let p be t(-21). Calculate the highest common factor of p and 14.
14
Let b(a) = -2*a**3 - 4*a**2 + 2*a + 3. Let u = -4 + 1. Let x be b(u). What is the highest common factor of x and 5?
5
Suppose -5*j + 19 + 21 = 0. Let w be (-1)/(((-2)/j)/1). Calculate the highest common factor of 10 and w.
2
Let d = 12 - 6. Suppose -3*a + d = 0, 2*a - 29 = -5*b + 35. What is the highest common divisor of b and 60?
12
Suppose 3*i - 2*i + 2 = 0. Let g be (-19)/(-5) + i/(-10). Let o be (-77)/(-14) + 3/(-2). Calculate the highest common factor of o and g.
4
Let f be (5 + -26)*6/(-9). Calculate the greatest common factor of 21 and f.
7
Let a = 38 + -5. Let t = 23 + a. Calculate the greatest common divisor of t and 14.
14
Let y(f) = -2*f - 1. Let v be y(-2). Suppose -v*q = -17 - 1. Let s(n) = n**3 - n**2 + n + 3. Let b be s(0). Calculate the greatest common divisor of b and q.
3
Let f be (-41)/(-1)*(-3 + 0 + 4). What is the highest common factor of 123 and f?
41
Let w(j) = -j**3 + 7*j**2 - 6*j + 2. Let q be w(6). Let i = 12 - q. What is the greatest common factor of i and 90?
10
Let a(c) = -2*c - 16. Let x be a(-12). Suppose 0 = n - 16 - 4. What is the greatest common factor of x and n?
4
Let v(r) = 0*r + 8*r - r**2 + 2*r - 9. Let g be v(8). Suppose 3*z - 23 = i + g, 5*i + 29 = 4*z. What is the highest common factor of z and 88?
11
Let j = -248 - -401. Let g = j - 58. Calculate the greatest common factor of 38 and g.
19
Let b = 5 - -2. Suppose b - 1 = -3*k. Let g be 30/4 + 3/k. What is the highest common factor of g and 30?
6
Suppose 6*b - 2*b = 24. Let u be 1/4 - (-1837)/44. What is the highest common divisor of u and b?
6
Let m be (-6)/(-2) + 2/(-2). Let u(f) = 3*f - 7*f**m - 4*f + f**3 + 6*f**2. Let w be u(2). Calculate the greatest common factor of 3 and w.
1
Let u(i) = -6*i + 16. Let z be u(-4). Calculate the greatest common factor of 8 and z.
8
Let v be 0 + 3/3 + 2. Suppose -v*x = -0*x. Suppose x = 4*k - d - 73, -d + 2*d = -2*k + 35. What is the highest common factor of 2 and k?
2
Let w(k) = 2*k**2 + k. Suppose 0 = -3*i - 2*i - 35. Let b = i - -5. Let p be w(b). Calculate the highest common divisor of 66 and p.
6
Let h = -28 + 54. Calculate the highest common factor of 39 and h.
13
Let d be 1/3*-1 - (-495)/27. What is the highest common factor of 6 and d?
6
Suppose 0*n = -3*n + 51. Let r = 37 - n. What is the highest common factor of 20 and r?
20
Let j be 4/(-14) - (-112)/49. Calculate the greatest common divisor of j and 3.
1
Let u(c) = 2*c**3 - c**2 - c. Let f be u(-1). Let x = 0 - f. Suppose 3*g - 85 = -x*g. What is the highest common divisor of g and 187?
17
Let t be 4/14 - (-32)/(-14). Let i(f) = 29*f**2 - 3*f - 2. Let x be i(t). Suppose 3*a = -2*a + x. What is the highest common factor of 60 and a?
12
Suppose 0 = 2*t + 3*l - 41, 2*t - l - 4 - 41 = 0. What is the greatest common factor of t and 176?
22
Let u = -23 - -41. Let c = -8 - -17. Let w be 3/c + 105/9. What is the highest common divisor of u and w?
6
Let n(l) = l**3 - 8*l**2 + 7*l + 5. Let p be n(7). Suppose 0 = -4*w + p*s + 55, -3*s - 33 = -4*w + 32. Calculate the greatest common divisor of w and 120.
20
Suppose 4*v - 261 = 3*q, 0*v + 3*q - 306 = -5*v. What is the highest common factor of 9 and v?
9
Let v(f) = -2*f - 11 - f + 2. Let b be v(-6). Let q = 15 - b. Calculate the highest common divisor of q and 15.
3
Let y(s) be the third derivative of s**4/24 - 5*s**3/6 + s**2. Let p(d) = 8*d - 1. Let q be p(1). Let m be y(q). What is the greatest common divisor of m and 2?
2
Suppose g - 88 = -0*g - 4*a, -292 = -3*g - 5*a. Let y be ((-3)/2 + 2)*38. Let t = y + -6. Calculate the greatest common factor of g and t.
13
Let w be 4/6 + (-4 - (-384)/18). What is the highest common factor of 162 and w?
18
Let u(j) = -j**3 + 6*j**2 - 3*j - 6. Suppose -8 = -5*d + d. Let q = 3 + d. Let f be u(q). Calculate the highest common factor of 28 and f.
4
Let f = -130 - -151. Calculate the highest common divisor of f and 315.
21
Let g(m) = -m**3 - 8*m**2 - 17*m - 21. Let x be g(-6). Let n be (11/(-1) + -1)*-6. What is the highest common divisor of n and x?
9
Let d be (0/(-1))/(-1 + 2). Suppose 4*t = -d*t + 2*n + 50, 3*n + 55 = 4*t. Suppose -p + 101 = 31. What is the highest common factor of p and t?
10
Suppose -7*g + y = -3*g - 2, 3*g - 4*y = -5. Let i be g + 234/3 + 2. Suppose 0*u + 15 = 5*u, 2*n + 3*u = 27. What is the highest common factor of i and n?
9
Let q(l) = 12 + 11 - 10 + l. Let m = 53 - 53. Let w be q(m). What is the highest common factor of w and 130?
13
Let d = 90 - 50. Calculate the greatest common factor of d and 8.
8
Suppose -4*c = -3*c - 6. Let o(n) = 2*n**2 - 4*n - 1. Let v be o(3). Let b = v - 1. Calculate the greatest common factor of b and c.
2
Let c(x) = 11*x**2 - 2*x - 2. Let s be c(2). Let u be (-56)/16*s*-1. Calculate the highest common divisor of u and 19.
19
Let b be (2 + 5)/(2 + -1). Let j be (-1 - (5 + -2)) + 11. Calculate the highest common divisor of j and b.
7
Suppose 0 = -5*c + 3*v + 186, 5*c - 5*v - 206 = -16. What is the highest common divisor of 90 and c?
18
Suppose -401 = z - 3*z + i, 4*i + 1010 = 5*z. Let l = 24 - 6. Calculate the highest common divisor of z and l.
18
Let i(y) = 7*y**2 - 4*y - 5. Let k be i(-2). What is the greatest common factor of 62 and k?
31
Suppose 0 = -a - 3*p + 41, 2*a = -2*p + p + 67. What is the highest common factor of 80 and a?
16
Let l be (6/(-5))/(6/(-45)). Calculate the highest common divisor of l and 1.
1
Suppose 2 = -5*f + 12. What is the highest common factor of f and 10?
2
Let o = 51 - 20. Suppose -2*m = -o - 289. What is the highest common factor of m and 20?
20
Suppose -4 = -2*w, 3*h + 3*w - 20 = h. Suppose 0 = -p - 2*p + 147. What is the greatest common factor of p and h?
7
Let w be (-30 + -5)*8/(-20). What is the highest common factor of w and 2?
2
Suppose -9*f - 792 = -18*f. What is the greatest common factor of 220 and f?
44
Let f(d) = d**3 + 8*d**2 - 4*d + 8. Let h be f(-7). What is the greatest common factor of h and 17?
17
Let g = 29 + -1. What is the highest common factor of 42 and g?
14
Suppose 2*o = -3*n + 100, -n = -5*o - 46 - 10. What is the highest common factor of n and 6?
6
Let i(g) = -6*g + 1. Let t be i(-2). Let l be (52/(-8))/(1/(-8)). Calculate the highest common factor of l and t.
13
Suppose 5*g - 12 = -3*n + 2*g, 3*n + g - 8 = 0. Suppose 0 = n*q + q - 15. Calculate the greatest common factor of q and 40.
5
Let n(c) = -c**3 - 5*c**2 - 11*c - 50. Let x be n(-6). What is the greatest common factor of 4 and x?
4
Su